+ 8 + -6 - 1?
-4
Calculate 5 - (-4 + 8 - 0).
1
What is the value of -4 + -7 + 10 + 4 - -3?
6
Evaluate -1 - 2 - 5 - 2 - -3.
-7
4 - (-1 + (1 + 3 - 4))
5
Calculate -4 + 1 - (0 + -4).
1
What is the value of (5 - (-15 - -23)) + (0 - 3)?
-6
Calculate (-5 - -4) + (-2 - -3).
0
Evaluate -1 + 3 + (-1 - (1 - -2)).
-2
What is 2 - (2 - (9 - 3 - -1))?
7
Calculate -1 + 14 + (8 + -12 - 4).
5
What is the value of (4 - (-5 - -13)) + 6?
2
What is the value of -9 + 16 + 0 - (2 + -2)?
7
What is (6 - 2) + -5 - (-2 + 3)?
-2
Evaluate 5 - (-1 + 6 - -1 - 1).
0
What is the value of -8 + 2 + (-4 - -7 - 2)?
-5
What is the value of -6 + (1 - -1) - (17 + -23)?
2
Calculate 39 + -39 - (-5 + (3 - 2)).
4
What is -35 - -31 - ((0 - -2) + 0)?
-6
(12 - 7) + (6 + -9 - 3)
-1
What is the value of -3 - ((-17 - -6) + 5)?
3
What is the value of -3 + 5 - (-32 + 42)?
-8
6 + 7 - 9 - -3
7
Calculate -1 + (2 - 1) - (0 - 4).
4
Calculate -5 - (-20 - -8 - -9).
-2
What is (3 - 1) + (3 - (-2 + 8))?
-1
Calculate -83 - -94 - (-2 + 10).
3
Calculate 0 - (7 - (-5 - -10)).
-2
0 + 1 + (-3 + -3 - -3)
-2
Evaluate -5 + 2 + (9 - 7).
-1
What is (-2 - 1) + -5 + 3?
-5
Calculate -9 + (-3 - (-2 + -4)).
-6
What is the value of 3 - (-5 - (-2 + (2 - 5)))?
3
Calculate 6 - (4 + (3 - 3)).
2
Evaluate -1 - (-4 + -3 + 5 + 1).
0
(4 - 0 - 5 - 3) + 6
2
Evaluate -19 + 29 - (1 + 6).
3
-6 + (-1 - 2) - -11
2
What is the value of 10 + (-2 - -3) + -8?
3
What is the value of -5 - (4 + (-4 - -1)) - -3?
-3
(-4 - 0) + (4 - (-1 - -2))
-1
Calculate -10 + 5 + 2 + -2 - -1.
-4
Evaluate -7 + (1 - -2) + 1 + 1.
-2
-3 + 4 - (2 + (3 - 1))
-3
What is 7 - -4 - (6 + -1)?
6
Evaluate -1 + -8 + (5 - -1).
-3
What is the value of 15 + -17 + 1 + 0?
-1
What is 5 - ((13 - 2) + 1)?
-7
Evaluate (-4 - -3) + 4 + -5.
-2
What is the value of 5 - (-1 - (-3 + (-2 - -1)))?
2
(-8 - (-8 - -2)) + 3
1
What is the value of (0 - -4) + (-6 - 3)?
-5
What is 1 - 5 - (-7 + 1)?
2
What is (-6 - 6) + 3 + 5?
-4
Evaluate -11 + (8 - 4 - -16).
9
What is the value of -9 - (-9 + -8 + 5)?
3
What is (0 - 2) + (1 - -7)?
6
-3 + -7 - (-24 - -9)
5
Calculate 7 + 0 - (12 - (3 + 0)).
-2
0 + (-3 - -6) + -2
1
Calculate -4 + (-2 - (-2 + -2)) + 7.
5
What is the value of -12 + (7 - (4 + (5 - 6)))?
-8
Calculate -5 - (62 + -56 - (-1 - -21)).
9
What is 0 + 0 + (37 - 33)?
4
What is the value of 4 + 0 + -6 + -1 + 0?
-3
What is (-10 - -11) + (1 - (-2 - -11))?
-7
(-19 - -14) + (8 - 4)
-1
Evaluate -3 - (-3 + (-13 - -4)).
9
What is (-1 - 2) + (2 - 2)?
-3
What is 2 - (1 + -7 + 8)?
0
What is the value of (2 - -6) + (-16 - -7) + 7?
6
What is 1 + -6 - (-4 + -5)?
4
Evaluate -1 - -4 - (11 + (-5 - 8)).
5
Calculate 1 - (2 - (-4 + 3)).
-2
Evaluate 6 + -1 + -8 + 6.
3
What is 1 - (1 + -2 + (-18 - -26))?
-6
Calculate 23 + -37 + 1 + 7.
-6
Evaluate (0 - 2) + (-8 - -3 - -2).
-5
What is the value of -6 - ((4 + 0 - 5) + -1)?
-4
What is the value of 16 + -12 - (0 + -2)?
6
Evaluate -4 + 8 - 13 - (1 - 6).
-4
Calculate 3 + 3 + -3 + 2.
5
What is the value of 6 + 2 + -8 + 0?
0
What is -16 - (-9 - 0 - 0)?
-7
What is the value of 7 + -5 + -8 + -4 + 6?
-4
What is -10 + 1 + 3 + -1 - -3?
-4
Calculate -9 - (-2 - -3) - -13.
3
What is 3 - 6 - -6 - (8 - 0)?
-5
(3 - (-4 + 2)) + -58 + 43
-10
What is the value of 1 - (7 + -14 - -6 - -6)?
-4
Evaluate 0 - ((-1 - 0) + (-1 - -4)).
-2
What is -10 - ((-8 - 11) + 6)?
3
0 + 4 + -3 - (2 - 0)
-1
What is 3 + -5 + 8 + -8 - 5?
-7
What is the value of 0 - 0 - (-9 - -8)?
1
Evaluate 31 + -30 - (-5 - -1).
5
What is the value of -3 + -2 + 2 + 4?
1
3 - (8 - 1) - -6
2
Evaluate (-3 - (2 + -3 - 1)) + -2.
-3
What is -6 - (-1 + -4 + 4 + 0)?
-5
What is -7 - 1 - (-7 + 4 + 1)?
-6
Calculate (5 + -1 - 2) + -1 + 2.
3
Evaluate -5 + 1 + 8 + -2 + 6.
8
Calculate -1 + -2 - (-22 + 13).
6
What is 6 - (-3 + 2 - (-3 - 4))?
0
Evaluate 4 - (0 - -1) - 6.
-3
Evaluate 2 + 3 + 1 - 5.
1
Evaluate (6 + -2 - 2) + -2 + 2.
2
Evaluate (7 - ((-2 - -12) + 4)) + -3.
-10
Calculate 0 - (-7 - -12) - (2 - 6).
-1
What is (-5 - (1 + -2)) + (-4 - -7)?
-1
What is (-3 + 5 - 3) + 6?
5
Evaluate 0 + 2 + -1 + 19 + -18.
2
-4 + 15 - (10 + -1)
2
Calculate -7 + 3 - -3 - 1.
-2
(1 - 12) + 33 + -29
-7
(0 - 1 - 0) + (-138 - -134)
-5
What is the value of 4 + (-6 - (3 + -8)) + -8?
-5
-9 + 3 + 2 + 6
2
(0 - 8) + (35 - 23)
4
Calculate (1 - 2 - 2) + -1.
-4
What is 2 + (0 - 6) - -2 - 1?
-3
Calculate 8 - ((11 - 5) + 9 + -2).
-5
What is the value of 9 + -13 + 3 + -1 + -1?
-3
0 - 0 - (-3 - -1)
2
Calculate (2 - 8) + 3 - 4.
-7
(-3 - -13) + (1 - 17)
-6
Calculate -5 + 13 + (0 - 12).
-4
Evaluate -9 + 2 - -1 - (13 - 18).
-1
Calculate 1 + (5 - (-13 + 14)).
5
What is -5 + 10 - (-10 - -13)?
2
Evaluate -3 - (-2 + -2 + -1 + 1).
1
What is the value of (0 - 0) + 2 + 4?
6
Evaluate -2 + 0 + -1 - (-24 - -25).
-4
5 - ((-1 - 4) + 6)
4
What is 1 + -1 + (4 - 7)?
-3
What is -6 + 5 - -13 - 6 - 2?
4
-6 + (8 - 3) - 5
-6
9 + (-1 - 4 - 2) - -3
5
What is the value of 2 - (-7 + (8 - 2))?
3
What is -5 - (6 - 7 - 10)?
6
-2 + (-5 - 5) + 7
-5
What is (3 + 1 + -3 - -3) + -6?
-2
Evaluate 5 + 0 + -6 + 6.
5
13 + -25 - (-4 - 14)
6
Evaluate -3 + (3 - 4) + 0 + 0.
-4
What is 1 + (3 - -2) + -3?
3
-2 + 1 + 4 - 0
3
(-1 - 3) + 13 + (-15 - -6)
0
(-1 + 4 - 1) + -2
0
What is the value of 6 + -10 - (-5 + -1)?
2
Evaluate (-1 - -3) + -5 + 9 + -8.
-2
Evaluate 0 + (0 - (3 + 0)) + 2.
-1
Evaluate 4 + -3 - (1 + (-4 - -2)).
2
Evaluate 14 + 0 + -3 - (-65 - -67).
9
6 + -5 + 5 + 2 + -3
5
What is (5 - 2 - -2) + -7?
-2
What is 0 - (-3 + 1) - -2?
4
What is 2 - 8 - -11 - -2?
7
Evaluate (6 - 3) + -5 + 2 + 3.
3
3 + (-10 - -9 - 2)
0
What is 2 - ((-1 - 0) + 0 - -1)?
2
(6 - (-8 - (-5 + -2))) + -12
-5
Evaluate (-9 - 1) + (13 - 8).
-5
Evaluate 10 + (0 + 5 - 8).
7
Evaluate -6 + 0 - (-11 - -3 - 3).
5
7 + -18 + (-1 - -5)
-7
Evaluate -6 + 2 + -1 + 0.
-5
Calculate 1 - (4 - (2 - -4)).
3
What is -1 + (7 - 12) + 5?
-1
Evaluate -1 + (6 - 6) - (0 + 0).
-1
Evaluate 0 - -2 - (-4 + -4 + 4).
6
-2 - ((-2 - -3) + 3 + -11)
5
(-1 - (-2 + 0 + 2)) + -2
-3
Evaluate -8 + (-5 + 18 - 6).
-1
1 + -5 + 1 + 7
4
Evaluate -10 + 1 + (-49 - -56).
-2
What is (-1 + 0 - 2) + 70 + -69?
-2
Calculate -5 + 9 + -8 + 5 + 9.
10
What is -2 - ((10 - 0) + -20)?
8
2 + 0 + 15 + -6 + -11
0
What is the value of (7 - (-5 - -10)) + 2?
4
What is the value of 6 + -8 - (1 - 4)?
1
(0 - -1 - -2) + (11 - 14)
0
Evaluate 2 - (4 + (4 - (-2 - 0))).
-8
What is (-4 - 3 - -13) + 5 + -7?
4
Evaluate 2 - ((0 - (5 + 1)) + 1).
7
What is the value of 0 - (16 + -9) - -5?
-2
What is 2 + 3 + -1 + -3?
1
Calculate -2 - -1 - (-1 - (1 - -1)).
2
Evaluate 3 + 3 + -2 + (-16 - -12).
0
Evaluate -9 - -4 - (-1 - 10 - 2).
8
What is 9 + -10 + 3 + -5?
-3
What is the value of (-2 - 0) + 8 + -4?
2
Evaluate -2 + (11 - 7 - (4 - 0)).
-2
What is the value of -9 - -10 - (-1 + 3 + -2)?
1
What is the value of -6 + 6 + -1 + -2?
-3
Calculate -1 - (4 + -3 + 3).
-5
What is (1 - 1) + -5 + 8?
3
What is the value of -3 + 3 + (0 - 3)?
-3
What is the value of (4 - -2) + -5 - 3?
-2
-4 + 0 - -7 - 6
-3
What is the value of 2 - -5 - (2 + 3)?
2
1 + 2 - (-1 - (0 - -1))
5
What is 1 + (0 - -1) + -2?
0
-3 + 1 + (-5 - -3)
-4
Calculate (-2 - (-2 - 4)) + -4 + 3.
3
Evaluate -11 + 15 + -7 + -4.
-7
2 - (2 + -4 - 0)
4
1 + 0 + (2 - -3) + -4
2
Evaluate -9 - (-6 - 6) - (11 - 2).
-6
What is -4 - ((-1 - 5) + -1 + -2)?
5
What is the value of -6 + 0 + 4 - -1?
-1
2 + -4 + (-2 - -2 - 0)
-2
Evaluate -10 + 3 + (3 - 0) + 4.
0
What is -10 - (-3 + (-7 - -4))?
-4
What is the value of (0 - -15 - 25) + -2 + 5?
-7
What is the value of 8 + -3 + 9 + -22?
-8
What is the value of (1 - (4 - 3)) + (19 - 19)?
0
What is the value of 4 + 5 + 2 + -11?
0
Calculate 1 + (0 - (-1 + 7)).
-5
Evaluate -1 - (2 - (6 - 1)).
2
Evaluate -14 + 19 + (-10 - -1).
-4
-9 + 9 + (-1 - -11)
10
Calculate 1 + -1 + (228 - 238).
-10
Evaluate 2 + 3 - (0 - -5).
0
What is 10 + -9 - (0 + 3)?
-2
What is the value of -6 + (1 + 1 - 2) - -1?
-5
Evaluate -92 + 98 + -2 + 0.
4
Evaluate 2 + 1 + -2 + -6 + 4.
-1
Calculate 3 - (2 + -3 + 8).
-4
-2 + 2 + -3 - (-13 + 11)
-1
What is the value of 2 + -4 + (-6 - -3) + 0?
-5
What is (-13 + -2 - -9) + (-7 - -6)?
-7
Calculate 5 + -11 + 13 + -7.
0
0 - (-5 - -11) - (-4 - 1)
-1
Calculate (0 - 7 - (-28 - -27)) + 10.
4
0 + -1 + (17 - (-8 - -23))
1
(10 - 7) + -14 + 5
-6
1 - (-2 - (4 + -3))
4
What is (-3 - 8) + 16 + -6 + -5?
-6
(-4 - (-11 - -15)) + 16
8
Calculate (6 + (-14 - -4) - -7) + -1